27
Calculate the greatest common factor of 90 and 246775626.
18
What is the highest common factor of 2070 and 30030732?
414
What is the greatest common divisor of 116180844 and 1044?
348
What is the highest common divisor of 488978449 and 14441?
2063
What is the greatest common factor of 4518 and 21558641?
251
What is the highest common factor of 299 and 4602369?
23
What is the highest common factor of 187414 and 152886?
166
Calculate the highest common divisor of 208014 and 30921.
2811
Calculate the greatest common factor of 616273776 and 368.
368
Calculate the greatest common factor of 4067231 and 13237.
217
What is the highest common divisor of 304 and 159348516?
76
Calculate the greatest common divisor of 1172132 and 4498.
26
Calculate the greatest common factor of 2973704 and 5615.
1123
Calculate the greatest common factor of 11779736 and 40.
8
Calculate the highest common factor of 52907 and 212182.
277
What is the greatest common divisor of 45045 and 2901990?
1365
Calculate the greatest common divisor of 5108880 and 45360.
1680
What is the highest common divisor of 2 and 538081538?
2
What is the greatest common divisor of 13602 and 384548943?
6801
What is the greatest common factor of 1412 and 1623447?
353
What is the greatest common divisor of 1536 and 25468176?
48
What is the greatest common factor of 13213357 and 145?
29
Calculate the highest common factor of 58975805 and 170.
85
Calculate the greatest common factor of 273 and 301287.
21
What is the greatest common factor of 59240 and 727171?
1481
Calculate the greatest common divisor of 660 and 28831308.
132
What is the greatest common divisor of 222 and 15999799?
37
What is the greatest common divisor of 243 and 9017604?
9
Calculate the greatest common factor of 533505 and 9255.
15
What is the highest common factor of 154428 and 96896?
3028
Calculate the highest common factor of 815345 and 3964850.
895
What is the highest common divisor of 3749456 and 16?
16
Calculate the greatest common factor of 299069686 and 202.
202
Calculate the highest common divisor of 583 and 8148379.
53
Calculate the greatest common divisor of 207 and 76862889.
9
What is the highest common factor of 4056 and 768261?
39
What is the highest common factor of 3282955632 and 144?
144
What is the highest common factor of 66 and 12979998?
6
Calculate the greatest common factor of 282 and 56694831.
141
Calculate the highest common divisor of 2516 and 140417960.
2516
What is the greatest common factor of 6069 and 3936093?
21
What is the greatest common divisor of 693 and 31565611?
77
Calculate the highest common factor of 1907580 and 114.
6
What is the greatest common factor of 2070 and 68652585?
1035
What is the highest common divisor of 230 and 22887162?
46
Calculate the greatest common divisor of 606 and 22039917.
303
Calculate the highest common factor of 464492 and 38186.
626
Calculate the greatest common divisor of 153423 and 171.
9
Calculate the greatest common factor of 2569465 and 215.
215
Calculate the highest common divisor of 644892255 and 30.
15
Calculate the highest common factor of 252 and 150642016.
28
Calculate the highest common divisor of 1395 and 2076105.
15
Calculate the highest common divisor of 735 and 2311330.
245
Calculate the highest common factor of 11379501 and 7560.
189
What is the greatest common factor of 28282 and 2494346?
158
What is the greatest common factor of 231451 and 5175291?
583
What is the greatest common factor of 3332 and 4505612?
68
Calculate the greatest common factor of 140 and 83069.
7
What is the greatest common divisor of 17266 and 691804?
194
What is the highest common divisor of 6106260 and 300?
60
Calculate the highest common factor of 111570 and 1650.
30
Calculate the greatest common factor of 12665343 and 1824.
57
What is the highest common factor of 3610605 and 75?
15
What is the greatest common divisor of 18 and 17914266?
18
What is the highest common divisor of 4950604 and 204?
68
What is the highest common factor of 264 and 9259899?
33
What is the highest common divisor of 9955 and 666080?
905
Calculate the greatest common factor of 16459 and 3450613.
109
Calculate the highest common factor of 952 and 62350526.
238
Calculate the highest common divisor of 300675 and 11531150.
5275
Calculate the highest common divisor of 14994252 and 8955.
1791
Calculate the greatest common factor of 867038 and 5874.
178
Calculate the greatest common factor of 129673126 and 207.
23
Calculate the highest common divisor of 8024 and 110399856.
472
Calculate the highest common divisor of 455576303 and 5019.
1673
What is the greatest common divisor of 350400 and 95400?
600
Calculate the greatest common divisor of 57291688 and 2072.
296
Calculate the highest common divisor of 51 and 19283695.
17
What is the highest common factor of 4914 and 1432886?
182
Calculate the greatest common factor of 629 and 115477.
37
What is the greatest common divisor of 41135 and 485165?
95
Calculate the greatest common divisor of 1712 and 58258504.
856
Calculate the greatest common divisor of 18 and 401762.
2
What is the highest common divisor of 81085716 and 3384?
1692
Calculate the highest common factor of 7818300 and 29925.
1575
What is the greatest common factor of 80259 and 2426756?
863
Calculate the highest common factor of 270661123 and 947.
947
Calculate the highest common factor of 348543 and 26157937.
4303
What is the highest common factor of 131440 and 51901840?
4240
What is the greatest common factor of 352 and 85528?
8
Calculate the highest common divisor of 4 and 23759198.
2
Calculate the greatest common factor of 44409 and 2254641.
393
What is the greatest common factor of 497 and 1401176?
7
Calculate the highest common divisor of 2021102 and 159.
53
What is the highest common factor of 772321 and 178405?
1151
What is the greatest common divisor of 1323506 and 434798?
4778
What is the greatest common divisor of 3618 and 1064094?
402
Calculate the greatest common factor of 7797570 and 990.
330
What is the highest common factor of 19591966 and 1822?
1822
Calculate the highest common factor of 1710501 and 5033.
719
What is the greatest common factor of 919688 and 532?
28
Calculate the highest common factor of 1240619 and 1025.
41
Calculate the greatest common divisor of 1868441 and 310213.
551
Calculate the greatest common divisor of 927 and 93452003.
103
What is the greatest common divisor of 79756130 and 1742?
134
Calculate the greatest common factor of 768178 and 282.
2
What is the greatest common factor of 44 and 3616129?
11
Calculate the greatest common factor of 1309 and 1054697.
119
Calculate the greatest common divisor of 17 and 22189199.
17
Calculate the highest common divisor of 2590 and 74510.
10
Calculate the greatest common divisor of 69222035 and 1862.
19
Calculate the highest common divisor of 4979328 and 3903067.
12967
Calculate the highest common divisor of 583037 and 9905.
7
Calculate the greatest common factor of 46713 and 252521.
677
Calculate the greatest common factor of 9 and 540651195.
9
Calculate the greatest common factor of 110 and 27631208.
22
What is the highest common divisor of 21779839 and 2635?
17
What is the greatest common divisor of 82316787 and 987?
987
Calculate the highest common factor of 845373 and 10.
1
Calculate the highest common factor of 335885 and 869.
11
What is the greatest common factor of 5 and 995573?
1
Calculate the highest common divisor of 756 and 10746036.
252
What is the highest common factor of 77 and 66614394?
77
Calculate the highest common divisor of 122727 and 5619.
3
What is the greatest common divisor of 165 and 33486810?
15
What is the highest common divisor of 266 and 46055506?
266
What is the greatest common factor of 441006682 and 133?
19
What is the highest common divisor of 3152 and 81945893?
197
Calculate the highest common divisor of 12078 and 1600212.
6
What is the highest common divisor of 14230 and 17007696?
2846
Calculate the greatest common factor of 9569 and 60049576.
1367
What is the greatest common factor of 601799175 and 20385?
6795
Calculate the greatest common factor of 687102 and 732.
6
Calculate the greatest common divisor of 31411 and 1032209.
311
Calculate the greatest common divisor of 616 and 4869